?
739, 3673
What are the prime factors of 148010?
2, 5, 19, 41
What are the prime factors of 462692?
2, 131, 883
List the prime factors of 248752.
2, 7, 2221
List the prime factors of 2351409.
3, 783803
What are the prime factors of 2574497?
17, 37, 4093
List the prime factors of 193816.
2, 7, 3461
List the prime factors of 247053.
3, 82351
List the prime factors of 706775.
5, 17, 1663
List the prime factors of 2748599.
7, 41, 61, 157
What are the prime factors of 9061020?
2, 3, 5, 71, 709
What are the prime factors of 116029?
29, 4001
What are the prime factors of 339501?
3, 113167
List the prime factors of 105119.
7, 15017
What are the prime factors of 34261937?
41, 311, 2687
List the prime factors of 37255845.
3, 5, 11, 43, 59, 89
What are the prime factors of 495929?
7, 29, 349
List the prime factors of 4664211.
3, 1554737
List the prime factors of 3932215.
5, 7, 112349
List the prime factors of 4577476.
2, 29, 39461
List the prime factors of 2855231.
2855231
What are the prime factors of 658867?
11, 89, 673
List the prime factors of 265575.
3, 5, 3541
What are the prime factors of 144748?
2, 36187
What are the prime factors of 2073579?
3, 691193
What are the prime factors of 7230646?
2, 443, 8161
List the prime factors of 3946831.
7, 661, 853
What are the prime factors of 1992734?
2, 996367
What are the prime factors of 13065?
3, 5, 13, 67
What are the prime factors of 910234?
2, 13, 2693
List the prime factors of 156634.
2, 78317
List the prime factors of 2113986.
2, 3, 7, 50333
List the prime factors of 10238629.
10238629
What are the prime factors of 875145?
3, 5, 41, 1423
List the prime factors of 4704261.
3, 1568087
What are the prime factors of 507447?
3, 56383
List the prime factors of 7528886.
2, 3764443
List the prime factors of 68798.
2, 41, 839
What are the prime factors of 354128?
2, 22133
List the prime factors of 23507340.
2, 3, 5, 391789
List the prime factors of 759027.
3, 503
What are the prime factors of 1645381?
19, 86599
List the prime factors of 736021.
11, 13, 5147
List the prime factors of 970450.
2, 5, 13, 1493
List the prime factors of 928587.
3, 11, 19, 1481
List the prime factors of 14762.
2, 11, 61
List the prime factors of 293946.
2, 3, 48991
What are the prime factors of 333758?
2, 109, 1531
List the prime factors of 318233.
318233
What are the prime factors of 77023?
77023
What are the prime factors of 18549978?
2, 3, 61, 50683
What are the prime factors of 1429353?
3, 167, 317
What are the prime factors of 1796739?
3, 7, 67, 1277
List the prime factors of 1123000.
2, 5, 1123
What are the prime factors of 786470?
2, 5, 31, 43, 59
List the prime factors of 212765.
5, 7, 6079
List the prime factors of 4749948.
2, 3, 7, 61, 103
List the prime factors of 84550.
2, 5, 19, 89
What are the prime factors of 1457597?
17, 179, 479
What are the prime factors of 1325681?
7, 229, 827
What are the prime factors of 318526?
2, 13, 12251
List the prime factors of 2355100.
2, 5, 11, 2141
What are the prime factors of 118758?
2, 3, 19793
List the prime factors of 862732.
2, 13, 47, 353
What are the prime factors of 415276?
2, 17, 31, 197
What are the prime factors of 30350824?
2, 7, 41, 13219
List the prime factors of 1367878.
2, 683939
What are the prime factors of 4885303?
151, 32353
What are the prime factors of 41099669?
13, 199, 15887
List the prime factors of 3825789.
3, 11, 115933
List the prime factors of 3601244.
2, 53, 16987
What are the prime factors of 219600?
2, 3, 5, 61
List the prime factors of 27450522.
2, 3, 11, 37, 1249
List the prime factors of 145222.
2, 7, 11, 23, 41
List the prime factors of 326998.
2, 7, 23357
List the prime factors of 113676.
2, 3, 9473
List the prime factors of 102277.
7, 19, 769
What are the prime factors of 2058036?
2, 3, 41, 47, 89
What are the prime factors of 165724?
2, 13, 3187
What are the prime factors of 603662?
2, 301831
What are the prime factors of 114420?
2, 3, 5, 1907
What are the prime factors of 20094353?
20094353
List the prime factors of 417833.
13, 32141
List the prime factors of 1724709.
3, 7, 82129
List the prime factors of 979748.
2, 7, 11, 3181
List the prime factors of 99039.
3, 33013
List the prime factors of 230798.
2, 115399
What are the prime factors of 318750?
2, 3, 5, 17
What are the prime factors of 31764?
2, 3, 2647
What are the prime factors of 794692?
2, 198673
What are the prime factors of 3607962?
2, 3, 349, 1723
What are the prime factors of 15354698?
2, 19, 43, 9397
List the prime factors of 1733366.
2, 866683
List the prime factors of 1317874.
2, 17, 83, 467
List the prime factors of 17413.
11, 1583
List the prime factors of 3647317.
23, 347, 457
What are the prime factors of 6129036?
2, 3, 61, 2791
What are the prime factors of 1091175?
3, 5, 14549
What are the prime factors of 7839774?
2, 3, 41, 3541
What are the prime factors of 226231?
226231
What are the prime factors of 1111682?
2, 11, 13, 23
What are the prime factors of 1066638?
2, 3, 389, 457
What are the prime factors of 837613?
7, 119659
List the prime factors of 13773084.
2, 3, 13, 88289
List the prime factors of 18004323.
3, 631, 9511
What are the prime factors of 9353597?
11, 199, 4273
List the prime factors of 2042466.
2, 3, 31, 79, 139
What are the prime factors of 73016?
2, 9127
List the prime factors of 231388.
2, 57847
What are the prime factors of 3215462?
2, 29, 55439
List the prime factors of 751394.
2, 7, 191, 281
What are the prime factors of 42766?
2, 21383
What are the prime factors of 312716?
2, 78179
What are the prime factors of 241235?
5, 48247
What are the prime factors of 185207?
11, 113, 149
List the prime factors of 968430.
2, 3, 5, 19, 1699
List the prime factors of 459937.
459937
What are the prime factors of 579832?
2, 11, 599
List the prime factors of 800731.
800731
List the prime factors of 1219230.
2, 3, 5, 19, 23, 31
What are the prime factors of 4130015?
5, 229, 3607
List the prime factors of 320974.
2, 31, 167
List the prime factors of 737529.
3, 13, 18911
List the prime factors of 5947735.
5, 103, 11549
What are the prime factors of 20060733?
3, 7, 11, 86843
What are the prime factors of 236884?
2, 59221
What are the prime factors of 1291235?
5, 11, 17, 1381
List the prime factors of 65807.
7, 17, 79
What are the prime factors of 1309678?
2, 654839
List the prime factors of 3042341.
1429, 2129
What are the prime factors of 11622326?
2, 5811163
List the prime factors of 41457.
3, 13, 1063
What are the prime factors of 644923?
644923
List the prime factors of 603944.
2, 11, 6863
What are the prime factors of 5062092?
2, 3, 7, 8609
List the prime factors of 7462202.
2, 11, 59, 5749
What are the prime factors of 253172?
2, 167, 379
What are the prime factors of 200485?
5, 101, 397
List the prime factors of 297533.
297533
What are the prime factors of 683891?
13, 31, 1697
What are the prime factors of 278910?
2, 3, 5, 1033
What are the prime factors of 3223933?
23, 140171
List the prime factors of 300770.
2, 5, 19, 1583
List the prime factors of 933263.
933263
What are the prime factors of 1901790?
2, 3, 5, 11, 17, 113
List the prime factors of 3180701.
3180701
List the prime factors of 136339.
7, 19477
What are the prime factors of 3399295?
5, 679859
What are the prime factors of 6938257?
6938257
What are the prime factors of 330415?
5, 66083
What are the prime factors of 433777?
433777
List the prime factors of 333713.
333713
What are the prime factors of 228047?
97, 2351
What are the prime factors of 640101?
3, 7, 11, 17, 163
What are the prime factors of 321828?
2, 3, 13, 2063
What are the prime factors of 172180?
2, 5, 8609
List the prime factors of 13589219.
7, 277331
List the prime factors of 54789.
3, 7, 2609
List the prime factors of 4777457.
941, 5077
What are the prime factors of 58789?
58789
What are the prime factors of 691356?
2, 3, 17, 3389
What are the prime factors of 237006?
2, 3, 7, 11, 19
List the prime factors of 188079.
3, 71, 883
What are the prime factors of 27936?
2, 3, 97
What are the prime factors of 297022?
2, 11, 23, 587
List the prime factors of 347837.
7, 17, 37, 79
What are the prime factors of 7935932?
2, 727, 2729
List the prime factors of 1148498.
2, 13, 163, 271
What are the prime factors of 3010583?
3010583
What are t